*q**2 + 12*q + 5. Calculate a(-8).
37
Let y(z) = 2*z**2 - 6*z - 26. Determine y(-6).
82
Let y(q) = q + 13. Calculate y(-7).
6
Let y(a) = a**3 + 11*a**2 - 13*a - 8. Determine y(-12).
4
Let l(a) = a**3 + 16*a**2 - 3*a - 4. Calculate l(-16).
44
Let s(l) = -5*l - 29. What is s(-17)?
56
Let h(v) = -6*v + 72. Give h(12).
0
Let r(x) = -8*x - 121. Determine r(-15).
-1
Let r(u) = 5*u**3 + 47*u**2 + 17*u - 16. Determine r(-9).
-7
Let o(w) = -2*w**2 - 26*w - 69. Determine o(-3).
-9
Let q(s) = s**2 - 9*s. Calculate q(9).
0
Let u(b) = 7*b + 72. Calculate u(-11).
-5
Let d(x) = 2*x**2 - 15*x - 25. Give d(8).
-17
Let i(w) = -6*w**3 - w**2 - 4*w + 4. Give i(2).
-56
Let p(g) = g**3 - 3*g**2 + 2*g - 7. Give p(3).
-1
Let q(y) = 3*y**3 - 17*y**2 + 10*y + 6. Give q(5).
6
Let r(j) = j**3 + 18*j**2 + 44*j - 19. Calculate r(-15).
-4
Let b(o) = -o**2 - 17*o + 21. Give b(-18).
3
Let q(u) = 5*u. Calculate q(-4).
-20
Let i(j) = -10*j**2 + 2*j + 2. Give i(3).
-82
Let d(o) = -o**3 + o**2 - o + 13. What is d(0)?
13
Let v(u) = u**2 + 9*u - 14. Calculate v(-11).
8
Let n(j) = -2*j - 3. Give n(-4).
5
Let f(w) = w**2 + 4*w + 6. Calculate f(-2).
2
Let q(p) = -p**3 + 15*p**2 + 54*p - 1. Give q(18).
-1
Let d(c) = 8*c + 56. Determine d(-7).
0
Let h(l) = -2*l**2 - l + 2. Calculate h(2).
-8
Let x(g) = g + 71. Give x(0).
71
Let f(q) = q**2 + 13*q + 29. Give f(-7).
-13
Let r(c) = c - 2. Determine r(4).
2
Let m(o) = -26*o + 131. What is m(5)?
1
Let w(j) = 4*j + 77. Determine w(-17).
9
Let d(q) = -q**2 - 10*q - 34. Calculate d(-5).
-9
Let v(a) = a**2 - 18*a - 40. Calculate v(20).
0
Let h(d) = -27*d + 437. Calculate h(16).
5
Let c(j) = -3*j**2 + 7*j + 7. Determine c(3).
1
Let c(h) = -3*h + 86. What is c(24)?
14
Let k(b) = b**3 + 13*b**2 + 16*b + 67. What is k(-12)?
19
Let b(f) = -f**3 - 20*f**2 - 19*f - 27. Calculate b(-19).
-27
Let r(t) = 2*t + 52. Give r(10).
72
Let c(z) = -9*z + 56. What is c(6)?
2
Let p(c) = -3*c - 34. Give p(-12).
2
Let o(x) = -23*x + 92. Determine o(4).
0
Let k(u) = -7*u**2 + 22*u + 4. Determine k(4).
-20
Let o(r) = -r + 3. Determine o(6).
-3
Let t(p) = p**3 + 7*p**2 + 6*p - 5. Give t(-6).
-5
Let t(s) = 2*s**2 - 7*s - 15. Determine t(7).
34
Let l(g) = -2*g + 1. Calculate l(0).
1
Let k(z) = -z**2 + 16*z - 20. Calculate k(10).
40
Let u(c) = -c**2 + 2*c + 4. Give u(-3).
-11
Let s(y) = -y**3 + 4*y**2 + 2*y - 2. Determine s(3).
13
Let u(h) = 11*h**3 - 2*h**2 - h. Determine u(-1).
-12
Let o(l) = l**3 + 7*l**2 + 4*l - 9. Give o(-7).
-37
Let i(l) = 13*l**2 - 3*l - 4. What is i(-1)?
12
Let i(x) = -x - 16. Determine i(-20).
4
Let s(f) = f**2 - f. Calculate s(0).
0
Let d(g) = -g**2 - 17*g - 60. Calculate d(-13).
-8
Let o(p) = p + 10. Give o(7).
17
Let d(g) = -g**2 + 1. Give d(0).
1
Let g(z) = z + 24. Give g(-22).
2
Let m(g) = -2*g**2 + 2*g. What is m(3)?
-12
Let m(u) = 3*u - 33. Determine m(0).
-33
Let g(a) = a + 4. What is g(11)?
15
Let x(r) = 2*r**2 + 133*r + 60. Calculate x(-66).
-6
Let n(g) = g**2 - 36*g - 163. Determine n(40).
-3
Let u(s) = -2*s - 7. Give u(6).
-19
Let u(p) = -4*p + 36. Give u(5).
16
Let l(k) = 11*k + 3. Give l(3).
36
Let p(g) = -g**2 + 18*g + 24. Determine p(15).
69
Let x(s) = 2*s**2 - s + 1. What is x(3)?
16
Let h(c) = -c**2 + c + 28. Determine h(0).
28
Let m(n) = -11*n**3 + 2*n**2 + 2*n - 4. What is m(-2)?
88
Let i(r) = r**3 + 5*r**2 - 6*r + 2. Determine i(-6).
2
Let i(j) = j**3 + 6*j**2 + j - 9. Calculate i(-6).
-15
Let y(c) = c**2 + 11*c + 3. Give y(-10).
-7
Let u(a) = -2*a - 1. Determine u(-3).
5
Let w(v) = 6*v - 23. Calculate w(3).
-5
Let a(r) = -r**3 - 12*r**2 - 2*r - 5. Determine a(-12).
19
Let l(a) = -a**2 - 13*a - 20. Give l(-12).
-8
Let b(x) = 2*x + 15. Calculate b(12).
39
Let n(o) = 3*o + 11. Calculate n(-4).
-1
Let u(w) = w - 1. Calculate u(-9).
-10
Let x(s) = 3*s**2 + 4*s. Determine x(-3).
15
Let p(q) = q**2 - 3*q - 4. Give p(5).
6
Let r(o) = 3*o**3 - o**2 + 3*o + 3. Determine r(-1).
-4
Let b(i) = -i - 2. Determine b(-4).
2
Let l(h) = h**3 + 6*h**2 + 5*h - 4. Calculate l(-5).
-4
Let h(p) = p**3 + 18*p**2 - p + 24. What is h(-18)?
42
Let a(h) = -h**3 - 23*h**2 - 10. What is a(-23)?
-10
Let z(p) = p**3 - 5*p**2 - 11*p. Calculate z(6).
-30
Let n(h) = -16*h + 2. Determine n(2).
-30
Let c(y) = -3*y**2 + 8*y + 12. Determine c(6).
-48
Let f(z) = -z**3 - 7*z**2 + 7*z - 3. Determine f(-7).
-52
Let n(s) = s**3 - 33*s**2 - 10*s + 315. What is n(33)?
-15
Let w(n) = n**2 + 6*n + 5. Determine w(-6).
5
Let d(j) = j - 1. Calculate d(-15).
-16
Let i(u) = -6*u**2 + 2*u - 1. Give i(2).
-21
Let f(z) = z**2 - 15*z + 4. Calculate f(0).
4
Let v(h) = -h**3 + 6*h**2 + 61*h - 69. Determine v(11).
-3
Let v(j) = 4*j - 18. Determine v(5).
2
Let q(r) = -r**2 - 13*r - 10. Give q(-12).
2
Let w(d) = -2*d**2 - 14*d - 5. What is w(-4)?
19
Let d(s) = -4*s - 4. Give d(6).
-28
Let b(f) = f**3 - 6*f**2 - 36*f + 201. Determine b(7).
-2
Let n(u) = u**2 - 14*u + 8. Determine n(9).
-37
Let l(c) = -c - 4. Determine l(-6).
2
Let l(h) = h**2 - 255*h + 1239. Calculate l(5).
-11
Let x(a) = -a**2 - 12*a. Give x(-10).
20
Let q(p) = p**2 - 7. Calculate q(3).
2
Let c(m) = m**3 - 2*m**2 - 4. Determine c(4).
28
Let g(r) = -r - 7. What is g(-4)?
-3
Let i(m) = -3*m - 16. What is i(-4)?
-4
Let p(n) = -5*n - 10. Calculate p(-4).
10
Let h(t) = -t**3 - 7*t**2 + 16*t - 15. What is h(-9)?
3
Let w(c) = 5*c + 13. What is w(-4)?
-7
Let t(b) = 3*b**2 - 2*b. Calculate t(-2).
16
Let i(q) = -q**3 - 8*q**2 - 7*q - 24. What is i(-8)?
32
Let t(q) = -18*q - 90. Determine t(-4).
-18
Let s(b) = -b**3 - 4*b**2. Give s(-4).
0
Let m(i) = i + 4. What is m(9)?
13
Let f(j) = 8*j + 226. What is f(-28)?
2
Let x(f) = -f**3 - 6*f**2 + 26*f + 2. Give x(-9).
11
Let i(o) = -o**2 - o + 2. What is i(3)?
-10
Let p(o) = o**3 - 20*o**2 + o - 16. Give p(20).
4
Let h(i) = -i**3 - 4*i**2 - 4*i - 5. Determine h(-3).
-2
Let g(d) = -d**2 - d + 3. What is g(1)?
1
Let t(o) = -10*o - 75. Give t(-8).
5
Let j(u) = -8*u + 4. Give j(6).
-44
Let n(l) = -5*l**2 - 1. Determine n(-1).
-6
Let r(l) = l**3 + 7*l**2 + 2*l - 27. Calculate r(-6).
-3
Let s(f) = 8*f**2 - 2*f - 1. Determine s(-1).
9
Let b(c) = 2*c - 5. Calculate b(2).
-1
Let i(f) = -f**2 - 15*f + 58. Determine i(-18).
4
Let h(c) = 2*c**2 + 6*c + 5. Give h(-5).
25
Let j(t) = -t**3 - 10*t**2 - t - 18. Calculate j(-10).
-8
Let f(b) = 5*b - 18. Give f(4).
2
Let h(c) = -4*c**2 - 54*c + 8. Give h(-14).
-20
Let d(c) = c**3 - 2*c**2 - c + 8. Give d(0).
8
Let l(t) = 16*t + 144. Give l(-8).
16
Let x(m) = -m**2 + 4*m - 13. Calculate x(-6).
-73
Let z(m) = -m + 7. What is z(14)?
-7
Let h(q) = -9*q + 15. What is h(6)?
-39
Let u(g) = 2*g - 38. Determine u(11).
-16
Let a(c) = 27*c + 14. Calculate a(-2).
-40
Let j(h) = h**3 - h**2 - 4*h + 1. Determine j(-2).
-3
Let b(q) = 37*q + 2. What is b(1)?
39
Let q(k) = -k**3 + 2*k**2 + 193*k + 39. Give q(15).
9
Let h(q) = q**2 - 29*q + 183. Calculate h(9).
3
Let h(t) = 2*t - 1. Determine h(-1).
-3
Let s(w) = w**3 - 5*w**2 - 7*w + 9. Calculate s(7).
58
Let l(f) = 2*f - 12. Determine l(4).
-4
Let a(y) = -2*y**2 - 6*y + 6. Give a(-7).
-50
Let p(v) = v**3 + 2*v**2 - 2*v. Calculate p(-2).
4
Let o(f) = -f**2 - 12*f - 18. Give o(-9).
9
Let q(t) = 3*t**2 - 5*t + 8. Determine q(4).
36
Let b(a) = -2*a + 46. Give b(20).
6
Let w(r) = r**3 - 12*r**2 - 12*r - 13. Calculate w(13).
0
Let q(c) = -115*c - 236. Determine q(-2).
-6
Let f(m) = -m**3 + 15*m**2 - 15*m + 17. Give f(14).
3
Let y(o) = -8*o + 148. Calculate y(19).
-4
Let w(a) = -3*a + 13. What is w(6)?
-5
Let p(a) = 2*a + 39. Give p(-21).
-3
Let o(i) = 2*i - 21. Give o(6).
-9
Let j(i) = -i - 15. What is j(-7)?
-8
Let z(l) = -l**3 + 5*l**2 + 4*l - 2. Give z(-1).
0
Let q(j) = j**3 + 6*j**2 - 16*j - 4. Determine q(-8).
-4
Let s(q) = q**3 + 11*q**2 + 11*q - 1. Give s(-10).
-11
Let r(c) = 24*c + 969. Determine r(-41).
-15
Let q(r) = -24*r**3 + r. What is q(-1)?
23
Let m(g) = -4*g + 65. What is m(15)?
5
Let s(q) = -4*q**2 - q + 1. Calculate s(1).
-4
Let v(i) = i**2 - 15*i + 33. Determine v(12).
-3
Let g(d) = 16*d + 5. Determine g(0).
5
Let z(k) = -5*k + 2. Calculate z(14).
-68
Let b(y) = 3*y + 32. Calculate b(13).
71
Let v(l) = 2*l - 7. What is v(-8)?
-23
Let q(y) = y**3 + 25*y**2 - 26*y - 29. What is q(-26)?
-29
Let a(f) = f**3 - 4*f**2 - 2*f + 2. Calculate a(5).
17
Let p(w) = -w**3 - 22*w**2 + 24*w + 57. Calculate p(-23).
34
Le